, what is 4d + -f?
3e
In base 16, what is -60 + 2c?
-34
In base 10, what is -10 - -9?
-1
In base 16, what is ea - -5?
ef
In base 5, what is 1112 - 1?
1111
In base 8, what is -1 + 13?
12
In base 11, what is -6 - 13?
-19
In base 2, what is -1011101 + -11101?
-1111010
In base 13, what is 892 + 0?
892
In base 12, what is 713 + -5?
70a
In base 12, what is -6 + a20?
a16
In base 12, what is 1 + -6b?
-6a
In base 15, what is -639 + -3?
-63c
In base 6, what is 0 + -1015?
-1015
In base 6, what is 10342 + 0?
10342
In base 14, what is 1ad - 1?
1ac
In base 5, what is -2133 + -1?
-2134
In base 10, what is -4 - -61?
57
In base 15, what is -3 - 3?
-6
In base 6, what is -142 + 1?
-141
In base 7, what is 1401 + -3?
1365
In base 12, what is 5b + -5?
56
In base 6, what is -4 + 104?
100
In base 6, what is 32 - 13?
15
In base 14, what is -65d0 - 1?
-65d1
In base 12, what is -686 - -1?
-685
In base 14, what is -42 + 4?
-3c
In base 11, what is 1093 + 1?
1094
In base 7, what is 12 - -3440?
3452
In base 7, what is 251 + -4?
244
In base 10, what is 12 - -105?
117
In base 13, what is -4 + 288?
284
In base 16, what is a - -1f5?
1ff
In base 15, what is 4 - -22a?
22e
In base 14, what is -84 - 0?
-84
In base 10, what is 3 - 210?
-207
In base 2, what is -101 + -11011?
-100000
In base 12, what is 5 + -1405?
-1400
In base 6, what is 3545 + 0?
3545
In base 8, what is 1 + 2526?
2527
In base 9, what is -4 - 133?
-137
In base 16, what is 10e - -b?
119
In base 5, what is 3004 + -321?
2133
In base 8, what is -3 + -171?
-174
In base 8, what is -3 + 1?
-2
In base 9, what is -16 - -3?
-13
In base 9, what is -17241 + 1?
-17240
In base 13, what is 8 + b?
16
In base 12, what is 3a72 - -5?
3a77
In base 7, what is -424 - -2?
-422
In base 6, what is 314 + -5?
305
In base 12, what is -b61 - -3?
-b5a
In base 13, what is 5 + 1596?
159b
In base 6, what is -413 - 11?
-424
In base 14, what is -c - -73?
65
In base 5, what is 30141 - 13?
30123
In base 11, what is -104 + 3?
-101
In base 2, what is -100 - -111101?
111001
In base 13, what is -1 - -a?
9
In base 2, what is -100101100110 - 1?
-100101100111
In base 8, what is -34 - -2?
-32
In base 14, what is -648d + -2?
-6491
In base 5, what is -442 + -232?
-1224
In base 13, what is 1b + 6?
24
In base 14, what is -3 + 8d4?
8d1
In base 11, what is 32094 + -5?
3208a
In base 10, what is -18 + 16?
-2
In base 4, what is 1320 - 12?
1302
In base 7, what is -3 + 121?
115
In base 12, what is 778 - 5?
773
In base 2, what is -1011000 - 1000?
-1100000
In base 13, what is 491 - 7?
487
In base 2, what is -101010010 - 11?
-101010101
In base 14, what is -1 - -729?
728
In base 15, what is 1 + c7?
c8
In base 4, what is 101202 + 21?
101223
In base 13, what is 45 + -4?
41
In base 13, what is 833 - 3?
830
In base 15, what is 1 - -46?
47
In base 11, what is -18 + -48?
-65
In base 3, what is -20111 + 10?
-20101
In base 3, what is -1221 + -10?
-2001
In base 2, what is -1110 - -11000011?
10110101
In base 7, what is 103330 + 2?
103332
In base 13, what is -2 + 56?
54
In base 2, what is 1100011 + -11001?
1001010
In base 16, what is -3 + -1afc?
-1aff
In base 7, what is 41 - 34?
4
In base 13, what is -6 - 30?
-36
In base 13, what is -5a - 32?
-8c
In base 8, what is -245 - 14?
-261
In base 10, what is -63 + 33?
-30
In base 15, what is 9a49 - 5?
9a44
In base 15, what is -77 - 2?
-79
In base 9, what is 8828 - -4?
8833
In base 8, what is 7746 - 5?
7741
In base 13, what is -b26 + -4?
-b2a
In base 4, what is 11 - -1100?
1111
In base 4, what is 321 - -10?
331
In base 7, what is 5 + 102?
110
In base 11, what is 14 - 0?
14
In base 5, what is 3041 + -23?
3013
In base 16, what is -1b69 - 0?
-1b69
In base 16, what is 5 - -61?
66
In base 2, what is -1 - 110110?
-110111
In base 11, what is 18 + 1a?
37
In base 10, what is 774 - -5?
779
In base 10, what is -789 + -1?
-790
In base 16, what is -2 + 7e?
7c
In base 16, what is -4 - 85?
-89
In base 16, what is 5 - 6a?
-65
In base 2, what is 110000101001100 + -11?
110000101001001
In base 6, what is 3143 + 3?
3150
In base 10, what is 5 - 55?
-50
In base 9, what is -156 - 1?
-157
In base 13, what is 675 + -4?
671
In base 8, what is -5 + -61?
-66
In base 13, what is 6 + 10?
16
In base 8, what is -2 - 45?
-47
In base 2, what is -1011111110 + 0?
-1011111110
In base 10, what is -88 + 5?
-83
In base 9, what is 474 + -2?
472
In base 12, what is -30 + b4?
84
In base 2, what is 10 - 1100110000?
-1100101110
In base 8, what is -4 - -143?
137
In base 7, what is -6 + -4455?
-4464
In base 2, what is -101011 - -100?
-100111
In base 10, what is -75 - -85?
10
In base 3, what is -11 + -10020?
-10101
In base 9, what is 607 - -5?
613
In base 11, what is 221 + -2?
21a
In base 3, what is -1111211 + 20?
-1111121
In base 4, what is 2 + -3201?
-3133
In base 4, what is -2231 + -2203?
-11100
In base 7, what is -206 + 61?
-115
In base 16, what is -10b + -b?
-116
In base 6, what is 115 - 10?
105
In base 5, what is -1 + -3044?
-3100
In base 14, what is 6 - -38?
40
In base 8, what is 355 - 5?
350
In base 16, what is 1d + -3?
1a
In base 16, what is 5 - -2c6?
2cb
In base 2, what is 1111 - 1010?
101
In base 7, what is 3263 + 0?
3263
In base 11, what is 3aa - 16?
394
In base 14, what is 2 - -10?
12
In base 15, what is -99 + 5?
-94
In base 12, what is b2 + 7?
b9
In base 13, what is 390 - c?
381
In base 12, what is 4 - 804?
-800
In base 12, what is 1 - 115?
-114
In base 2, what is -1010111101 - 10?
-1010111111
In base 10, what is -23 + 10?
-13
In base 4, what is 130 + -1212?
-1022
In base 10, what is 22 + -371?
-349
In base 14, what is -3 - -4c0?
4bb
In base 16, what is 3 + -39?
-36
In base 5, what is 3 + 130?
133
In base 10, what is 94 - -5?
99
In base 14, what is b01 - 2?
add
In base 4, what is 1220 + -1?
1213
In base 7, what is -2 - 1261?
-1263
In base 10, what is -22 + 2?
-20
In base 16, what is 76 - 1?
75
In base 6, what is -4 + -24210?
-24214
In base 11, what is 627 + -1?
626
In base 4, what is 1013 + -20?
333
In base 16, what is -1e9 + 1?
-1e8
In base 3, what is 1121011 + 12?
1121100
In base 4, what is 11 - -1030?
1101
In base 12, what is 5 + -7?
-2
In base 5, what is 41 + -30?
11
In base 10, what is -283 - -8?
-275
In base 7, what is -1345 - 55?
-1433
In base 16, what is 4d + 2?
4f
In base 5, what is -321 - -4?
-312
In base 9, what is 1623 - 5?
1617
In base 16, what is 8a3 + 2?
8a5
In base 11, what is a - 131?
-122
In base 7, what is -1 + -42?
-43
In base 6, what is -4553 + 4?
-4545
In base 7, what is 16140 - -1?
16141
In base 4, what is -1110 - -110?
-1000
In base 6, what is 3 + 2?
5
In base 2, what is -110001 - -10100?
-11101
In base 14, what is -2 - -3d?
3b
In base 2, what is 110 + 10010110101?
10010111011
In base 13, what is -72 - -3?
-6c
In base 8, what is -300 - 7?
-307
In base 16, what is 1db + 3?
1de
In base 7, what is -2461 + 10?
-2451
In base 16, what is 5 + 214?
219
In base 2, what is 1011 + -1111?
-100
In base 2, what is -1110 + -10?
-10000
In base 5, what is 4 - -411?
420
In base 5, what is 1002 + 0?
1002
In base 10, what is 0 + 120?
120
In base 4, what is -10 + 10322?
10312
In base 8, what is 17025 + -1?
17024
In base 8, what is 35 + -123?
-66
In base 9, what is 201 - -10?
211
In base 3, what is -21 + -212011?
-212102
In base 13, what is 1 - -96?
97
In base 7, what is -1 + 3236?
3235
In base 10, what is -70 + -5?
-75
In base 3, what is 11 + -10?
1
In base 16, what is 1718 + -1?
1717
In base 15, what is -68e + 2?
-68c
In base 6, what is 51 + 21?
112
In base 8, what is -7 + 121?
112
In base 4, what is -2310 - 3?
-2313
In base 9, what is 14 + -3?
11
In base 6, what is 11 - 30?
-15
In base 14, what is c + 31?
3d
In base 5, what is 0 - -112?
112
In base 12, what is -6 - a0?
-a6
In base 12, what is -b2 - -28?
-86
In base 3, what is 11 - -10021?
10102
In base 11, what is 202 - -5?
207
In base 5, what is 13440 - -4?
13444
In base 13, what is -27b6 - 5?
-27bb
In base 9, what is -4 + 6?
2
In base 13, what is -21a + 4?
-216
In base 15, what is -4 - -9?
5
In base 3, what is -1200210 + 11?
-1200122
In base 13, what is -8a - 3?
-90
In base 8, what is -1 + -2017?
-2020
In base 11, what is 78 - -3?
80
In base 16, what is -5 + 15a5?
15a0
In base 16, what is -3 - -15e?
15b
In base 11, what is 204 + -14?
1a0
In base 5, what is 3 + -430?
-422
In base 5, what is 2 - 12341?
-12334
In base 1